02?
2, 163, 1638127
List the prime factors of 176177919.
3, 17, 3454469
List the prime factors of 166927575.
3, 5, 2225701
List the prime factors of 28784622.
2, 3, 487, 9851
What are the prime factors of 2738027650?
2, 5, 17, 1229, 2621
List the prime factors of 1054803322.
2, 23, 929, 24683
List the prime factors of 1791901163.
13, 6311, 21841
What are the prime factors of 227140529?
7, 11, 617, 683
List the prime factors of 1132416363.
3, 13, 1259, 23063
What are the prime factors of 36750338?
2, 18375169
List the prime factors of 469313425.
5, 7, 383113
List the prime factors of 290938024.
2, 13, 2797481
What are the prime factors of 89269955?
5, 17853991
List the prime factors of 538395361.
7, 8171, 9413
What are the prime factors of 5195157049?
61, 823, 103483
What are the prime factors of 98711181?
3, 3169, 3461
What are the prime factors of 1311205704?
2, 3, 37, 461, 3203
List the prime factors of 138652123.
127, 1091749
List the prime factors of 126754551.
3, 7, 11, 20323
What are the prime factors of 317415647?
317415647
What are the prime factors of 61988019?
3, 233, 88681
List the prime factors of 86728801.
101, 858701
List the prime factors of 55419873.
3, 419, 44089
List the prime factors of 29675345.
5, 7, 487, 1741
List the prime factors of 118124204.
2, 11, 2684641
List the prime factors of 7836318.
2, 3, 7, 20731
List the prime factors of 2161284592.
2, 135080287
What are the prime factors of 1698217662?
2, 3, 43, 6582239
List the prime factors of 23148351.
3, 29, 31, 2861
List the prime factors of 92447630.
2, 5, 11, 76403
List the prime factors of 415567559.
11, 37778869
List the prime factors of 308427944.
2, 11, 241, 14543
What are the prime factors of 34047995?
5, 53, 128483
List the prime factors of 1634748698.
2, 11, 139, 534581
What are the prime factors of 5615840945?
5, 11, 13, 17, 37, 12487
What are the prime factors of 1279919546?
2, 639959773
What are the prime factors of 351762860?
2, 5, 17588143
List the prime factors of 51392410.
2, 5, 109, 47149
List the prime factors of 3531498663.
3, 7, 11, 15287873
What are the prime factors of 22205637?
3, 822431
What are the prime factors of 1815165219?
3, 7, 3917, 22067
List the prime factors of 82062619.
43, 1908433
What are the prime factors of 41750372?
2, 19, 29, 997
List the prime factors of 817478276.
2, 59, 157, 22063
List the prime factors of 196954699.
283, 443, 1571
What are the prime factors of 719582064?
2, 3, 3779, 3967
List the prime factors of 236991695.
5, 47398339
List the prime factors of 54858668.
2, 13714667
What are the prime factors of 122323643?
13, 317, 29683
What are the prime factors of 668058342?
2, 3, 7, 131, 121421
List the prime factors of 1495853311.
1495853311
What are the prime factors of 37696389?
3, 12565463
What are the prime factors of 289683899?
19, 15246521
What are the prime factors of 839427140?
2, 5, 37, 79, 83, 173
What are the prime factors of 753691898?
2, 1487, 253427
What are the prime factors of 268878114?
2, 3, 14937673
What are the prime factors of 377512727?
17, 163, 136237
What are the prime factors of 465195536?
2, 13, 2236517
What are the prime factors of 56534523?
3, 18844841
List the prime factors of 155169423.
3, 17241047
List the prime factors of 30108256.
2, 43, 21881
What are the prime factors of 3866796062?
2, 251, 7702781
What are the prime factors of 285111997?
285111997
What are the prime factors of 15708389?
15708389
List the prime factors of 782232681.
3, 260744227
List the prime factors of 2831755229.
17, 9798461
List the prime factors of 251761486.
2, 3023, 41641
List the prime factors of 156139022.
2, 13, 409, 14683
List the prime factors of 1612524778.
2, 67, 12033767
What are the prime factors of 1942372654?
2, 9029, 107563
What are the prime factors of 4287881627?
17, 1093, 230767
List the prime factors of 26445407.
3359, 7873
What are the prime factors of 7461731905?
5, 6571, 227111
List the prime factors of 161581864.
2, 47, 113, 3803
What are the prime factors of 79778145?
3, 5, 23, 231241
List the prime factors of 26555174.
2, 13277587
What are the prime factors of 55578947?
55578947
What are the prime factors of 44311266?
2, 3, 211, 3889
List the prime factors of 1207626021.
3, 7, 2738381
What are the prime factors of 572233231?
37, 15465763
List the prime factors of 637543244.
2, 13, 12260447
List the prime factors of 4545835872.
2, 3, 47352457
List the prime factors of 18972247.
7, 2710321
What are the prime factors of 23551849?
19, 199, 6229
What are the prime factors of 352973721?
3, 117657907
List the prime factors of 493345487.
493345487
List the prime factors of 1497747117.
3, 443, 1126973
What are the prime factors of 3243808110?
2, 3, 5, 108126937
What are the prime factors of 579671553?
3, 23, 8401037
What are the prime factors of 185987068?
2, 46496767
List the prime factors of 29628262.
2, 97, 152723
What are the prime factors of 1599872056?
2, 31, 6451097
List the prime factors of 428736993.
3, 97, 1117, 1319
List the prime factors of 4621558255.
5, 924311651
What are the prime factors of 2510492235?
3, 5, 6263, 26723
What are the prime factors of 1332817442?
2, 11, 17, 97, 36739
What are the prime factors of 95858629?
19, 5045191
List the prime factors of 234723093.
3, 11, 19, 374359
What are the prime factors of 110971626?
2, 3, 107, 172853
List the prime factors of 5297733704.
2, 23, 37, 778163
List the prime factors of 38470410.
2, 3, 5, 11, 12953
List the prime factors of 329171764.
2, 31, 53, 50087
What are the prime factors of 242972678?
2, 13, 9345103
List the prime factors of 2667676522.
2, 7, 61, 73, 6113
List the prime factors of 74808931.
37, 2021863
List the prime factors of 218544597.
3, 23, 1055771
List the prime factors of 140581931.
7, 19, 31, 4871
What are the prime factors of 270687837?
3, 7, 12889897
What are the prime factors of 1917548993?
4327, 443159
What are the prime factors of 873646324?
2, 218411581
What are the prime factors of 22368107?
17, 1315771
What are the prime factors of 2884826142?
2, 3, 11, 14569829
List the prime factors of 27394715.
5, 367, 14929
List the prime factors of 50600040.
2, 3, 5, 19, 22193
List the prime factors of 410782296.
2, 3, 61, 280589
List the prime factors of 2329303577.
29, 80320813
List the prime factors of 382265348.
2, 307, 311291
List the prime factors of 190111644.
2, 3, 19, 92647
List the prime factors of 43545530.
2, 5, 7, 19, 29, 1129
List the prime factors of 232718206.
2, 7, 16622729
What are the prime factors of 126597170?
2, 5, 7, 67, 26993
List the prime factors of 2340936.
2, 3, 13, 41, 61
List the prime factors of 30410278.
2, 23, 661093
What are the prime factors of 1242328713?
3, 414109571
What are the prime factors of 389981659?
463, 842293
What are the prime factors of 90251212?
2, 83, 271841
List the prime factors of 2018783182.
2, 13, 77645507
List the prime factors of 55308119.
127, 271, 1607
What are the prime factors of 2748718611?
3, 101804393
What are the prime factors of 51092005?
5, 37, 276173
What are the prime factors of 51000747?
3, 7, 607, 4001
What are the prime factors of 3033235837?
23, 131879819
What are the prime factors of 180294249?
3, 19, 967, 3271
What are the prime factors of 2072208003?
3, 61, 73, 181, 857
List the prime factors of 376508001.
3, 2239, 56053
List the prime factors of 5390211913.
17, 317071289
List the prime factors of 397663914.
2, 3, 43, 1541333
List the prime factors of 57638064.
2, 3, 11, 173, 631
What are the prime factors of 1033091481?
3, 1409, 244403
What are the prime factors of 66391695?
3, 5, 1475371
What are the prime factors of 33223245?
3, 5, 11, 271, 743
What are the prime factors of 97065040?
2, 5, 41, 101, 293
List the prime factors of 2236513052.
2, 8461, 66083
List the prime factors of 1530557636.
2, 101, 3788509
List the prime factors of 177058837.
83, 109, 19571
What are the prime factors of 3405183764?
2, 23, 5351, 6917
List the prime factors of 772888480.
2, 5, 7, 13, 109, 487
What are the prime factors of 1273595954?
2, 19, 821, 40823
What are the prime factors of 3723594775?
5, 23, 97, 101, 661
What are the prime factors of 15575596?
2, 3893899
List the prime factors of 29305693.
41, 714773
List the prime factors of 689541361.
37, 283